{"id":4785,"date":"2023-06-06T03:14:34","date_gmt":"2023-06-06T03:14:34","guid":{"rendered":"https:\/\/alaskaequipamentos.com\/?post_type=product&#038;p=4785"},"modified":"2023-09-04T11:53:02","modified_gmt":"2023-09-04T11:53:02","slug":"balcao-refrig-175m-1p-pt-platinum-127v","status":"publish","type":"product","link":"https:\/\/alaskaequipamentos.com.br\/?product=balcao-refrig-175m-1p-pt-platinum-127v","title":{"rendered":"Balcao refrig 1,75m 1p pt platinum 127v"},"content":{"rendered":"<p>Descri\u00e7\u00e3o:<\/p>\n<p>Estrutura: N\u00edvel superior com placa fria e n\u00edvel inferior aramado<\/p>\n<p>Portas: Traseiras de abrir com gaxeta magn\u00e9tica<\/p>\n<p>Tampo: Kromanox e vidro<\/p>\n<p>Faixa Inferior: Kromanox<\/p>\n<p>Vidro frontal: Frontal reto temperado com serigrafia, sujeitos a condensa\u00e7\u00e3o<\/p>\n<p>Laterais: Rotomoldada com poliuretano Injetado (Prote\u00e7\u00e3o U.V)<\/p>\n<p>P\u00e9s: Regul\u00e1veis<\/p>\n<p>Volume: 576 Litros<\/p>\n<p>Tens\u00e3o: 127v<\/p>\n<p>Consumo: 3,1KW\/dia<\/p>\n<p>Temperatura: +4 a + 10\u00baC<\/p>\n<p>Medidas:<\/p>\n<p>Frente(cm) 125<\/p>\n<p>Lateral(cm) 64,5<\/p>\n<p>Altura(cm) 112<\/p>\n<p>Peso(Kg) 85<\/p>\n","protected":false},"excerpt":{"rendered":"<p>Descri\u00e7\u00e3o: Estrutura: N\u00edvel superior com placa fria e n\u00edvel inferior aramado Portas: Traseiras de abrir com gaxeta magn\u00e9tica Tampo: Kromanox e vidro Faixa Inferior: Kromanox&#8230;<\/p>\n","protected":false},"featured_media":5178,"comment_status":"open","ping_status":"closed","template":"","meta":[],"etheme_brands":[],"product_cat":[194],"product_tag":[],"class_list":{"0":"post-4785","1":"product","2":"type-product","3":"status-publish","4":"has-post-thumbnail","6":"product_cat-balcoes","8":"first","9":"instock","10":"sold-individually","11":"shipping-taxable","12":"purchasable","13":"product-type-simple"},"_links":{"self":[{"href":"https:\/\/alaskaequipamentos.com.br\/index.php?rest_route=\/wp\/v2\/product\/4785","targetHints":{"allow":["GET"]}}],"collection":[{"href":"https:\/\/alaskaequipamentos.com.br\/index.php?rest_route=\/wp\/v2\/product"}],"about":[{"href":"https:\/\/alaskaequipamentos.com.br\/index.php?rest_route=\/wp\/v2\/types\/product"}],"replies":[{"embeddable":true,"href":"https:\/\/alaskaequipamentos.com.br\/index.php?rest_route=%2Fwp%2Fv2%2Fcomments&post=4785"}],"version-history":[{"count":1,"href":"https:\/\/alaskaequipamentos.com.br\/index.php?rest_route=\/wp\/v2\/product\/4785\/revisions"}],"predecessor-version":[{"id":4813,"href":"https:\/\/alaskaequipamentos.com.br\/index.php?rest_route=\/wp\/v2\/product\/4785\/revisions\/4813"}],"wp:featuredmedia":[{"embeddable":true,"href":"https:\/\/alaskaequipamentos.com.br\/index.php?rest_route=\/wp\/v2\/media\/5178"}],"wp:attachment":[{"href":"https:\/\/alaskaequipamentos.com.br\/index.php?rest_route=%2Fwp%2Fv2%2Fmedia&parent=4785"}],"wp:term":[{"taxonomy":"brand","embeddable":true,"href":"https:\/\/alaskaequipamentos.com.br\/index.php?rest_route=%2Fwp%2Fv2%2Fetheme_brands&post=4785"},{"taxonomy":"product_cat","embeddable":true,"href":"https:\/\/alaskaequipamentos.com.br\/index.php?rest_route=%2Fwp%2Fv2%2Fproduct_cat&post=4785"},{"taxonomy":"product_tag","embeddable":true,"href":"https:\/\/alaskaequipamentos.com.br\/index.php?rest_route=%2Fwp%2Fv2%2Fproduct_tag&post=4785"}],"curies":[{"name":"wp","href":"https:\/\/api.w.org\/{rel}","templated":true}]}}