{"id":4748,"date":"2023-06-06T03:13:56","date_gmt":"2023-06-06T03:13:56","guid":{"rendered":"https:\/\/alaskaequipamentos.com\/?post_type=product&#038;p=4748"},"modified":"2023-10-16T04:42:45","modified_gmt":"2023-10-16T04:42:45","slug":"balcao-exp-tendal-premium-200-220v","status":"publish","type":"product","link":"https:\/\/alaskaequipamentos.com.br\/?product=balcao-exp-tendal-premium-200-220v","title":{"rendered":"Balc\u00e3o exp tendal premium 2,00 220v"},"content":{"rendered":"<p>Caracter\u00edsticas:<br \/>\nRefrigera\u00e7\u00e3o e exposi\u00e7\u00e3o de carnes (bovina\/su\u00edna\/frango) n\u00e3o congeladas;<br \/>\nRefrigera\u00e7\u00e3o: Est\u00e1tica com serpentina aletada na parte superior<br \/>\ne placa fria inferior embutida na base;<br \/>\nTemperatura: +3\u00ba a +7\u00baC;<br \/>\nControle de temperatura: Termostato com degelo manual;<br \/>\nIlumina\u00e7\u00e3o: LED (Interna) com interruptor;<br \/>\nTerm\u00f4metro digital;<br \/>\nGancheira superior;<br \/>\nRevestimento em inox 430;<br \/>\nP\u00e9s regul\u00e1veis;<br \/>\nBandejas em inox:<br \/>\nModelos 1001\/1002\/1003: 5 de 520 x 275 x 35 mm;<br \/>\nModelos 1004\/1005\/1006: 6 de 520 x 275 x 35 mm;<br \/>\nLateral em Vacuum Form vermelho na linha Premium.<br \/>\nOpcionais:<br \/>\nTens\u00e3o 127 V ou 220 V;<\/p>\n","protected":false},"excerpt":{"rendered":"<p>Caracter\u00edsticas: Refrigera\u00e7\u00e3o e exposi\u00e7\u00e3o de carnes (bovina\/su\u00edna\/frango) n\u00e3o congeladas; Refrigera\u00e7\u00e3o: Est\u00e1tica com serpentina aletada na parte superior e placa fria inferior embutida na base; Temperatura:&#8230;<\/p>\n","protected":false},"featured_media":5648,"comment_status":"open","ping_status":"closed","template":"","meta":[],"etheme_brands":[],"product_cat":[196,194],"product_tag":[],"class_list":{"0":"post-4748","1":"product","2":"type-product","3":"status-publish","4":"has-post-thumbnail","6":"product_cat-balcao-de-acougue","7":"product_cat-balcoes","9":"first","10":"instock","11":"sold-individually","12":"shipping-taxable","13":"purchasable","14":"product-type-simple"},"_links":{"self":[{"href":"https:\/\/alaskaequipamentos.com.br\/index.php?rest_route=\/wp\/v2\/product\/4748","targetHints":{"allow":["GET"]}}],"collection":[{"href":"https:\/\/alaskaequipamentos.com.br\/index.php?rest_route=\/wp\/v2\/product"}],"about":[{"href":"https:\/\/alaskaequipamentos.com.br\/index.php?rest_route=\/wp\/v2\/types\/product"}],"replies":[{"embeddable":true,"href":"https:\/\/alaskaequipamentos.com.br\/index.php?rest_route=%2Fwp%2Fv2%2Fcomments&post=4748"}],"version-history":[{"count":1,"href":"https:\/\/alaskaequipamentos.com.br\/index.php?rest_route=\/wp\/v2\/product\/4748\/revisions"}],"predecessor-version":[{"id":4779,"href":"https:\/\/alaskaequipamentos.com.br\/index.php?rest_route=\/wp\/v2\/product\/4748\/revisions\/4779"}],"wp:featuredmedia":[{"embeddable":true,"href":"https:\/\/alaskaequipamentos.com.br\/index.php?rest_route=\/wp\/v2\/media\/5648"}],"wp:attachment":[{"href":"https:\/\/alaskaequipamentos.com.br\/index.php?rest_route=%2Fwp%2Fv2%2Fmedia&parent=4748"}],"wp:term":[{"taxonomy":"brand","embeddable":true,"href":"https:\/\/alaskaequipamentos.com.br\/index.php?rest_route=%2Fwp%2Fv2%2Fetheme_brands&post=4748"},{"taxonomy":"product_cat","embeddable":true,"href":"https:\/\/alaskaequipamentos.com.br\/index.php?rest_route=%2Fwp%2Fv2%2Fproduct_cat&post=4748"},{"taxonomy":"product_tag","embeddable":true,"href":"https:\/\/alaskaequipamentos.com.br\/index.php?rest_route=%2Fwp%2Fv2%2Fproduct_tag&post=4748"}],"curies":[{"name":"wp","href":"https:\/\/api.w.org\/{rel}","templated":true}]}}