{"id":4746,"date":"2023-06-06T03:13:54","date_gmt":"2023-06-06T03:13:54","guid":{"rendered":"https:\/\/alaskaequipamentos.com\/?post_type=product&#038;p=4746"},"modified":"2023-10-16T04:42:28","modified_gmt":"2023-10-16T04:42:28","slug":"balcao-de-acougue-italia-junior-3m","status":"publish","type":"product","link":"https:\/\/alaskaequipamentos.com.br\/?product=balcao-de-acougue-italia-junior-3m","title":{"rendered":"Balc\u00e3o de A\u00e7ougue Italia Junior 3M"},"content":{"rendered":"<p>It\u00e1lia<br \/>\nIt\u00e1lia Maxxi 3m,  com dep\u00f3sito, vidro meio curvo, pl\/serpentina, saia padr\u00e3o cinza, faixa vermelha, com opcional de cores nas laterais (vermelho azul amarelo)<\/p>\n<p>Base (lateral): PRETA<br \/>\nSistema de refrigera\u00e7\u00e3o: placa e serpentina.<br \/>\nIsolamento: poliuretano injetado.<br \/>\nIlumina\u00e7\u00e3o: fluorescente.<br \/>\nVidro: meio-curvo simples.<br \/>\nTerm\u00f4metro: anal\u00f3gico.<br \/>\nUtiliza\u00e7\u00e3o: exposi\u00e7\u00e3o de carnes.<br \/>\nAcompanham bandejas inox.<br \/>\nCom por\u00e3o (dep\u00f3sito).<br \/>\nAdesivo Carnes &#038; Derivados.<\/p>\n<p>Voltagem: 220 <\/p>\n","protected":false},"excerpt":{"rendered":"<p>It\u00e1lia It\u00e1lia Maxxi 3m, com dep\u00f3sito, vidro meio curvo, pl\/serpentina, saia padr\u00e3o cinza, faixa vermelha, com opcional de cores nas laterais (vermelho azul amarelo) Base&#8230;<\/p>\n","protected":false},"featured_media":5649,"comment_status":"open","ping_status":"closed","template":"","meta":[],"etheme_brands":[],"product_cat":[196,194],"product_tag":[],"class_list":{"0":"post-4746","1":"product","2":"type-product","3":"status-publish","4":"has-post-thumbnail","6":"product_cat-balcao-de-acougue","7":"product_cat-balcoes","9":"first","10":"instock","11":"sold-individually","12":"shipping-taxable","13":"purchasable","14":"product-type-simple"},"_links":{"self":[{"href":"https:\/\/alaskaequipamentos.com.br\/index.php?rest_route=\/wp\/v2\/product\/4746","targetHints":{"allow":["GET"]}}],"collection":[{"href":"https:\/\/alaskaequipamentos.com.br\/index.php?rest_route=\/wp\/v2\/product"}],"about":[{"href":"https:\/\/alaskaequipamentos.com.br\/index.php?rest_route=\/wp\/v2\/types\/product"}],"replies":[{"embeddable":true,"href":"https:\/\/alaskaequipamentos.com.br\/index.php?rest_route=%2Fwp%2Fv2%2Fcomments&post=4746"}],"version-history":[{"count":1,"href":"https:\/\/alaskaequipamentos.com.br\/index.php?rest_route=\/wp\/v2\/product\/4746\/revisions"}],"predecessor-version":[{"id":4775,"href":"https:\/\/alaskaequipamentos.com.br\/index.php?rest_route=\/wp\/v2\/product\/4746\/revisions\/4775"}],"wp:featuredmedia":[{"embeddable":true,"href":"https:\/\/alaskaequipamentos.com.br\/index.php?rest_route=\/wp\/v2\/media\/5649"}],"wp:attachment":[{"href":"https:\/\/alaskaequipamentos.com.br\/index.php?rest_route=%2Fwp%2Fv2%2Fmedia&parent=4746"}],"wp:term":[{"taxonomy":"brand","embeddable":true,"href":"https:\/\/alaskaequipamentos.com.br\/index.php?rest_route=%2Fwp%2Fv2%2Fetheme_brands&post=4746"},{"taxonomy":"product_cat","embeddable":true,"href":"https:\/\/alaskaequipamentos.com.br\/index.php?rest_route=%2Fwp%2Fv2%2Fproduct_cat&post=4746"},{"taxonomy":"product_tag","embeddable":true,"href":"https:\/\/alaskaequipamentos.com.br\/index.php?rest_route=%2Fwp%2Fv2%2Fproduct_tag&post=4746"}],"curies":[{"name":"wp","href":"https:\/\/api.w.org\/{rel}","templated":true}]}}