{"id":4612,"date":"2023-06-06T03:12:07","date_gmt":"2023-06-06T03:12:07","guid":{"rendered":"https:\/\/alaskaequipamentos.com\/?post_type=product&#038;p=4612"},"modified":"2023-09-04T14:15:21","modified_gmt":"2023-09-04T14:15:21","slug":"masp-190-auto-serv-panor-3p-2v-220v","status":"publish","type":"product","link":"https:\/\/alaskaequipamentos.com.br\/?product=masp-190-auto-serv-panor-3p-2v-220v","title":{"rendered":"Masp-190 auto serv.panor.3p 2v  220v"},"content":{"rendered":"<p>Frente (mm)\t1250\t1890\t3050<br \/>\nLateral (mm)\t650\t650\t650<br \/>\nAltura (mm)\t2070\t2070\t2070<br \/>\nVolume (L)\t930\t1432\t2343<br \/>\nTens\u00e3o (V)\t127\/220\t127\/220\t220<br \/>\nConsumo (kw) dia\t8,23\t9,7\t19,8<br \/>\nPeso (kg)\t163\t212\t310<\/p>\n<p>Caracter\u00edsticas<br \/>\nEstrutural:<\/p>\n<p>Laterais em vacuum forming com isolamento em poliuretano injetado;<br \/>\nPortas tipo bandeira vidro duplo com g\u00e1s arg\u00f4nio,gaxeta magn\u00e9tica e puxador<br \/>\n Quadro de portas em a\u00e7o inox;<br \/>\nPrateleiras regul\u00e1veis por encaixe em a\u00e7o pintado com acabamento em inox;<br \/>\nP\u00e9s regul\u00e1veis em alum\u00ednio;<br \/>\nIlumina\u00e7\u00e3o Led;<br \/>\nFaixa superior adesivada.<br \/>\nRefrigera\u00e7\u00e3o:<br \/>\nTemperatura m\u00e9dia de funcionamento; +2\u00baC a +7\u00baC<br \/>\nCom placa fria Roll Bond e ar for\u00e7ado com regulagem atrav\u00e9s do controlador digital.<\/p>\n","protected":false},"excerpt":{"rendered":"<p>Frente (mm) 1250 1890 3050 Lateral (mm) 650 650 650 Altura (mm) 2070 2070 2070 Volume (L) 930 1432 2343 Tens\u00e3o (V) 127\/220 127\/220 220&#8230;<\/p>\n","protected":false},"featured_media":4684,"comment_status":"open","ping_status":"closed","template":"","meta":[],"etheme_brands":[],"product_cat":[15],"product_tag":[],"class_list":{"0":"post-4612","1":"product","2":"type-product","3":"status-publish","4":"has-post-thumbnail","6":"product_cat-promocoes","8":"first","9":"instock","10":"sold-individually","11":"shipping-taxable","12":"purchasable","13":"product-type-simple"},"_links":{"self":[{"href":"https:\/\/alaskaequipamentos.com.br\/index.php?rest_route=\/wp\/v2\/product\/4612","targetHints":{"allow":["GET"]}}],"collection":[{"href":"https:\/\/alaskaequipamentos.com.br\/index.php?rest_route=\/wp\/v2\/product"}],"about":[{"href":"https:\/\/alaskaequipamentos.com.br\/index.php?rest_route=\/wp\/v2\/types\/product"}],"replies":[{"embeddable":true,"href":"https:\/\/alaskaequipamentos.com.br\/index.php?rest_route=%2Fwp%2Fv2%2Fcomments&post=4612"}],"version-history":[{"count":1,"href":"https:\/\/alaskaequipamentos.com.br\/index.php?rest_route=\/wp\/v2\/product\/4612\/revisions"}],"predecessor-version":[{"id":4685,"href":"https:\/\/alaskaequipamentos.com.br\/index.php?rest_route=\/wp\/v2\/product\/4612\/revisions\/4685"}],"wp:featuredmedia":[{"embeddable":true,"href":"https:\/\/alaskaequipamentos.com.br\/index.php?rest_route=\/wp\/v2\/media\/4684"}],"wp:attachment":[{"href":"https:\/\/alaskaequipamentos.com.br\/index.php?rest_route=%2Fwp%2Fv2%2Fmedia&parent=4612"}],"wp:term":[{"taxonomy":"brand","embeddable":true,"href":"https:\/\/alaskaequipamentos.com.br\/index.php?rest_route=%2Fwp%2Fv2%2Fetheme_brands&post=4612"},{"taxonomy":"product_cat","embeddable":true,"href":"https:\/\/alaskaequipamentos.com.br\/index.php?rest_route=%2Fwp%2Fv2%2Fproduct_cat&post=4612"},{"taxonomy":"product_tag","embeddable":true,"href":"https:\/\/alaskaequipamentos.com.br\/index.php?rest_route=%2Fwp%2Fv2%2Fproduct_tag&post=4612"}],"curies":[{"name":"wp","href":"https:\/\/api.w.org\/{rel}","templated":true}]}}