{"id":4273,"date":"2023-06-06T03:05:50","date_gmt":"2023-06-06T03:05:50","guid":{"rendered":"https:\/\/alaskaequipamentos.com\/?post_type=product&#038;p=4273"},"modified":"2023-10-16T04:18:34","modified_gmt":"2023-10-16T04:18:34","slug":"forno-alta-pressao-tampa-de-vidro","status":"publish","type":"product","link":"https:\/\/alaskaequipamentos.com.br\/?product=forno-alta-pressao-tampa-de-vidro","title":{"rendered":"Forno Alta Press\u00e3o Tampa de Vidro"},"content":{"rendered":"<p>Especifica\u00e7\u00f5es<\/p>\n<p>Capacidade: 90L<br \/>\nPress\u00e3o: Alta<br \/>\nAlimenta\u00e7\u00e3o: G\u00e1s<br \/>\nAcendimento: Manual<br \/>\nGrelha: 1 (remov\u00edvel)<br \/>\nTemperatura M\u00e1xima: 250 Graus<br \/>\nQueimadores: Tubulares em Ferro Fundido<\/p>\n<p>Material<\/p>\n<p>Exterior do Forno: A\u00e7o Inox<br \/>\nInterior do Forno: A\u00e7o Carbono<br \/>\nPorta: Vidro Temperado<br \/>\nPuxador: Baquelite<\/p>\n<p>Medidas Internas<\/p>\n<p>Altura: 30 cm<br \/>\nLargura: 52 cm<br \/>\nComprimento: 58cm<\/p>\n<p>Medidas Externas<\/p>\n<p>Altura: 47cm<br \/>\nLargura: 62,5cm<br \/>\nComprimento: 66,5cm<\/p>\n<p>Peso: 20kg<\/p>\n","protected":false},"excerpt":{"rendered":"<p>Especifica\u00e7\u00f5es Capacidade: 90L Press\u00e3o: Alta Alimenta\u00e7\u00e3o: G\u00e1s Acendimento: Manual Grelha: 1 (remov\u00edvel) Temperatura M\u00e1xima: 250 Graus Queimadores: Tubulares em Ferro Fundido Material Exterior do Forno:&#8230;<\/p>\n","protected":false},"featured_media":5637,"comment_status":"open","ping_status":"closed","template":"","meta":[],"etheme_brands":[],"product_cat":[258,255],"product_tag":[],"class_list":{"0":"post-4273","1":"product","2":"type-product","3":"status-publish","4":"has-post-thumbnail","6":"product_cat-fogoes-de-alta-pressao","7":"product_cat-fogoes-fornos","9":"first","10":"instock","11":"sold-individually","12":"shipping-taxable","13":"purchasable","14":"product-type-simple"},"_links":{"self":[{"href":"https:\/\/alaskaequipamentos.com.br\/index.php?rest_route=\/wp\/v2\/product\/4273","targetHints":{"allow":["GET"]}}],"collection":[{"href":"https:\/\/alaskaequipamentos.com.br\/index.php?rest_route=\/wp\/v2\/product"}],"about":[{"href":"https:\/\/alaskaequipamentos.com.br\/index.php?rest_route=\/wp\/v2\/types\/product"}],"replies":[{"embeddable":true,"href":"https:\/\/alaskaequipamentos.com.br\/index.php?rest_route=%2Fwp%2Fv2%2Fcomments&post=4273"}],"version-history":[{"count":2,"href":"https:\/\/alaskaequipamentos.com.br\/index.php?rest_route=\/wp\/v2\/product\/4273\/revisions"}],"predecessor-version":[{"id":5450,"href":"https:\/\/alaskaequipamentos.com.br\/index.php?rest_route=\/wp\/v2\/product\/4273\/revisions\/5450"}],"wp:featuredmedia":[{"embeddable":true,"href":"https:\/\/alaskaequipamentos.com.br\/index.php?rest_route=\/wp\/v2\/media\/5637"}],"wp:attachment":[{"href":"https:\/\/alaskaequipamentos.com.br\/index.php?rest_route=%2Fwp%2Fv2%2Fmedia&parent=4273"}],"wp:term":[{"taxonomy":"brand","embeddable":true,"href":"https:\/\/alaskaequipamentos.com.br\/index.php?rest_route=%2Fwp%2Fv2%2Fetheme_brands&post=4273"},{"taxonomy":"product_cat","embeddable":true,"href":"https:\/\/alaskaequipamentos.com.br\/index.php?rest_route=%2Fwp%2Fv2%2Fproduct_cat&post=4273"},{"taxonomy":"product_tag","embeddable":true,"href":"https:\/\/alaskaequipamentos.com.br\/index.php?rest_route=%2Fwp%2Fv2%2Fproduct_tag&post=4273"}],"curies":[{"name":"wp","href":"https:\/\/api.w.org\/{rel}","templated":true}]}}