{"id":4263,"date":"2023-06-06T03:05:22","date_gmt":"2023-06-06T03:05:22","guid":{"rendered":"https:\/\/alaskaequipamentos.com\/?post_type=product&#038;p=4263"},"modified":"2023-09-25T14:27:12","modified_gmt":"2023-09-25T14:27:12","slug":"forno-style-mini-chef-prp-400g","status":"publish","type":"product","link":"https:\/\/alaskaequipamentos.com.br\/?product=forno-style-mini-chef-prp-400g","title":{"rendered":"Forno Style mini chef Prp 400g"},"content":{"rendered":"<p>Especifica\u00e7\u00f5es:<br \/>\n      &#8211; Possui estrutura externa em a\u00e7o inox escovado;<br \/>\n      &#8211; Visor em vidro temperado;<br \/>\n      &#8211; Porta tipo guilhotina;<br \/>\n      &#8211; Acendimento do queimador inferior \u00e9  atrav\u00e9s de faiscador;<br \/>\n      &#8211; Acendimento do queimador superior (infravermelho) \u00e9 manual e \u00e9 espec\u00edfico para      gratinar;<br \/>\n      &#8211; Possui term\u00f4metro anal\u00f3gico;<br \/>\n      &#8211; P\u00e9s antiderrapantes regul\u00e1veis<br \/>\n      &#8211; Acompanha uma grade;<br \/>\n      &#8211; Possui pedra refrat\u00e1ria polida;<br \/>\n      &#8211; O kit g\u00e1s e o cavalete s\u00e3o itens opcionais, s\u00e3o comercializados separadamente..<br \/>\n      &#8211; G\u00e1s \u2013 Baixa press\u00e3o.<br \/>\n      &#8211; Acompanha uma grade opcional 2 n\u00edveis.<br \/>\n      &#8211; Consumo m\u00e9dio: 0,18 Kg\/h<br \/>\n      &#8211; Peso L\u00edquido: 25Kg<br \/>\n      &#8211; Medidas internas: 210 A x 460 L x 460 P<br \/>\n      &#8211; Medidas externas Totais : 715 A x 620 L x 700 P<\/p>\n","protected":false},"excerpt":{"rendered":"<p>Especifica\u00e7\u00f5es: &#8211; Possui estrutura externa em a\u00e7o inox escovado; &#8211; Visor em vidro temperado; &#8211; Porta tipo guilhotina; &#8211; Acendimento do queimador inferior \u00e9 atrav\u00e9s&#8230;<\/p>\n","protected":false},"featured_media":4318,"comment_status":"open","ping_status":"closed","template":"","meta":[],"etheme_brands":[],"product_cat":[255,261],"product_tag":[],"class_list":{"0":"post-4263","1":"product","2":"type-product","3":"status-publish","4":"has-post-thumbnail","6":"product_cat-fogoes-fornos","7":"product_cat-forno-de-lastro","9":"first","10":"instock","11":"sold-individually","12":"shipping-taxable","13":"purchasable","14":"product-type-simple"},"_links":{"self":[{"href":"https:\/\/alaskaequipamentos.com.br\/index.php?rest_route=\/wp\/v2\/product\/4263","targetHints":{"allow":["GET"]}}],"collection":[{"href":"https:\/\/alaskaequipamentos.com.br\/index.php?rest_route=\/wp\/v2\/product"}],"about":[{"href":"https:\/\/alaskaequipamentos.com.br\/index.php?rest_route=\/wp\/v2\/types\/product"}],"replies":[{"embeddable":true,"href":"https:\/\/alaskaequipamentos.com.br\/index.php?rest_route=%2Fwp%2Fv2%2Fcomments&post=4263"}],"version-history":[{"count":1,"href":"https:\/\/alaskaequipamentos.com.br\/index.php?rest_route=\/wp\/v2\/product\/4263\/revisions"}],"predecessor-version":[{"id":4319,"href":"https:\/\/alaskaequipamentos.com.br\/index.php?rest_route=\/wp\/v2\/product\/4263\/revisions\/4319"}],"wp:featuredmedia":[{"embeddable":true,"href":"https:\/\/alaskaequipamentos.com.br\/index.php?rest_route=\/wp\/v2\/media\/4318"}],"wp:attachment":[{"href":"https:\/\/alaskaequipamentos.com.br\/index.php?rest_route=%2Fwp%2Fv2%2Fmedia&parent=4263"}],"wp:term":[{"taxonomy":"brand","embeddable":true,"href":"https:\/\/alaskaequipamentos.com.br\/index.php?rest_route=%2Fwp%2Fv2%2Fetheme_brands&post=4263"},{"taxonomy":"product_cat","embeddable":true,"href":"https:\/\/alaskaequipamentos.com.br\/index.php?rest_route=%2Fwp%2Fv2%2Fproduct_cat&post=4263"},{"taxonomy":"product_tag","embeddable":true,"href":"https:\/\/alaskaequipamentos.com.br\/index.php?rest_route=%2Fwp%2Fv2%2Fproduct_tag&post=4263"}],"curies":[{"name":"wp","href":"https:\/\/api.w.org\/{rel}","templated":true}]}}